t l be ((-15)/10)/(3/(-56)). Is 2 a factor of (-2)/6 - l/(-12)?
True
Let b(j) = 3*j + 70. Is b(7) a multiple of 12?
False
Let f = 8 - 4. Suppose f*n - 2*n - 64 = 0. Is 16 a factor of n?
True
Suppose -j - v + 51 = 0, -2*j = 5*v - 7 - 80. Suppose -20 = 3*x - j. Is 6 a factor of x?
True
Let l(q) = -2*q**3 + 15*q**2 - 9*q. Is 4 a factor of l(6)?
False
Let i be (3 - 2)*(5 - 1). Suppose -3*z - j + 13 = -0*j, 0 = 3*z - i*j - 23. Suppose z*u - 2*w = 3*w + 80, -u - 3*w = -12. Is 15 a factor of u?
True
Let k be 6/8 + 100/16. Suppose k*f = 2*f - 25, s - 37 = f. Is 16 a factor of s?
True
Let t be 0/(1 + -2) + 8. Suppose -k + 2*k = t. Does 8 divide k?
True
Let s = 231 - 133. Does 13 divide s?
False
Let x(v) = 8*v + 2. Let m be x(-2). Let l be (-4)/m - (-408)/42. Let f(j) = j**2 - 8*j - 14. Does 5 divide f(l)?
False
Let l(w) be the second derivative of -7*w**5/120 - w**4/6 + w**3/3 - 4*w. Let c(q) be the second derivative of l(q). Is c(-5) a multiple of 19?
False
Let b be 2/(-8) + (-82)/(-8). Let r be b/(-1)*16/(-10). Suppose -5*l - 2*u + 36 = -l, -l + r = -3*u. Is 5 a factor of l?
True
Let b be 44/(-36) + 2/9. Let o = -3 + b. Let v = o - -18. Does 5 divide v?
False
Let w = 7 + -4. Is 9 a factor of (w/9)/((-1)/(-33))?
False
Let m(r) = -r**2 + 4*r + 7. Let h be m(5). Suppose k - 4*l + 3*l = 5, h*l = -5*k - 3. Suppose -2*s + 4*q + 104 = 0, -2*q - 3 + k = 0. Does 18 divide s?
False
Is 40 a factor of (-55)/(-1 + (0 - 0))?
False
Does 18 divide 0 + (1 - -2) + 157?
False
Let k be 6*(-2)/(-4) + 73. Suppose 5*z - 2*l - 190 = 0, 0 = 2*z - l + 5*l - k. Let r = z + -24. Is 10 a factor of r?
False
Let d(j) = 6*j**3 + 2*j**2 - 3*j + 2. Is 14 a factor of d(2)?
False
Let f(w) = -w + 12. Let n be f(9). Suppose 7*l - 4*l + 3*g + 12 = 0, 16 = -n*l - 4*g. Suppose l*q = -q + 21. Is 8 a factor of q?
False
Suppose -3 - 17 = -5*h. Suppose p + 76 = h*k, k + 76 = 5*k + 3*p. Does 15 divide k?
False
Let i be 84/(-18) - 2/(-3). Let y(q) = -q**3 - 2*q**2 - 4*q + 1. Is y(i) a multiple of 14?
False
Let y(v) = -7*v - 1. Let f be y(1). Is 6/4 - 52/f a multiple of 8?
True
Suppose 9 = 2*r + 2*o - o, 5*o + 30 = 5*r. Suppose 39 + 19 = r*d + 4*j, 0 = 4*d - 5*j - 30. Does 10 divide d?
True
Does 5 divide ((-6)/(-12))/(1/70)?
True
Suppose 2*g = 3*r + 98, r - 56 = -g - r. Let j = g + -30. Is j a multiple of 9?
False
Is 20 a factor of (-4)/(-12)*3*40?
True
Let c(y) = 3*y - 1. Let j be c(1). Suppose 3*r - 52 = -3*v + 164, -j*r + v + 138 = 0. Is 21 a factor of r?
False
Let b(p) = -p**2 - 9*p - 3. Let k be b(-8). Let h(i) = i**3 + 4*i**2 + 2*i. Let z be h(-3). Suppose -2*v = z*v - c - 37, 24 = 2*v - k*c. Is 3 a factor of v?
False
Let j be ((-2)/(-5))/((-4)/20). Let p be 33/(-2 + (-7)/j). Let o = p - 14. Is 8 a factor of o?
True
Let j(v) = -3*v**2 + 4*v + 7. Let a(c) = -4*c**2 + 4*c + 7. Let o(z) = -2*a(z) + 3*j(z). Let g be o(6). Let s(f) = f**2 + 4*f + 6. Is 11 a factor of s(g)?
True
Let k = -8 + 7. Let q be (-28)/10 - k/(-5). Let b = q + 15. Is 4 a factor of b?
True
Suppose -4*x + 3*g = -609, 0*g = -4*x + 2*g + 606. Does 30 divide x?
True
Let r(x) = 10*x**2 + x + 1. Let j be r(2). Let n = j + -22. Is 13 a factor of n?
False
Let w = 13 + 2. Is 5 a factor of w?
True
Suppose 0 = -0*u + 4*u - 20. Suppose -4*n = -w - 90, u*w = 4*n + 27 - 109. Is 8 a factor of n?
False
Let g = 69 - -35. Let z = -73 + g. Is 11 a factor of z?
False
Suppose -1 = t + 3. Let a(i) = -7*i + 2. Is 15 a factor of a(t)?
True
Let m(y) = -y**3 + y**2 + 3*y + 2. Let h be m(-4). Let k = -48 + h. Is 11 a factor of k?
True
Let d be 0/(1*(1 - 3)). Let j(r) = -r + 1. Let k(t) = 4*t - 15. Let g(b) = -5*j(b) - k(b). Is 5 a factor of g(d)?
True
Let p(k) = 13*k - 3. Let c = 11 - 8. Is p(c) a multiple of 19?
False
Let z(u) = -42*u + 6. Let v be z(-9). Suppose x = -3*x + v. Suppose 5*r - x = 2*r. Does 13 divide r?
False
Let w = -2 + 5. Is w even?
False
Let s(b) = 7*b - 20. Is 3 a factor of s(11)?
True
Let u(w) = w**2 + 11*w + 18. Let o be u(-8). Does 14 divide (-8)/o*(3 - -39)?
True
Suppose 2*h - 21 = -99. Let m(d) = d**3 + 6*d**2 - 7*d - 4. Let u be m(-7). Let o = u - h. Does 9 divide o?
False
Let l(a) = -a**2 + 16*a - 1. Does 34 divide l(11)?
False
Suppose -4*k = 3*z - 29, 5*z - 3*k - 15 = 2*z. Let l = z - 1. Is 6 a factor of l?
True
Suppose 0 = -0*z - 5*z + 190. Let q be (1 + 3)/((-2)/(-36)). Let f = q - z. Is 17 a factor of f?
True
Suppose 2*d - 4*m = -16, -66 = 3*d + 2*d + 3*m. Is (d/(-8))/(6/104) a multiple of 9?
False
Suppose -v = -5*v. Suppose 4*q - 112 = -2*x - v, 70 = 3*q + 5*x. Is 18 a factor of q?
False
Let r(y) = 2*y**2 - 7 + 2*y**3 - 5*y**3 + 5*y + 4*y**3 + 6*y**2. Is r(-7) a multiple of 7?
True
Let f(b) = b - b**2 + 3*b**2 + b - b**3. Let s be f(2). Suppose 18 = 5*t + s*y, t - 15 = -3*t - 3*y. Is t a multiple of 3?
True
Let h(z) = -z**3 + 8*z**2 + 9*z + 13. Let t be (-79)/(-9) + (-2)/(-9). Is h(t) a multiple of 13?
True
Suppose 3*c + 89 = 2*s, 5*s - 210 = -0*s + 5*c. Is s a multiple of 10?
False
Let l(y) be the second derivative of -y**5/20 + y**4/3 - y**3/2 + 2*y**2 - y. Let b be l(4). Is (-4)/b + (-13)/(-2) a multiple of 7?
True
Let d = -1 + 15. Let i = d - -6. Does 10 divide i?
True
Let y(g) = -21*g + 2. Is y(-3) a multiple of 22?
False
Let k = -76 + 114. Is 15 a factor of k?
False
Is 4 + -3 + 363/1 a multiple of 28?
True
Let s(z) be the first derivative of z**4/4 - z**3 - 3*z**2/2 - 7*z - 2. Does 10 divide s(5)?
False
Suppose 0*z - 3*z + 66 = m, 0 = -3*m - 2*z + 177. Let c = -32 + m. Is c a multiple of 13?
False
Let d(q) = q**3 + 6*q**2 - 10*q - 10. Let x be d(-7). Suppose i = -w + 1, -3*w + 2*i = i - x. Is w a multiple of 2?
False
Let o(g) = g**3 - 10*g**2 - 9*g - 11. Is o(11) a multiple of 9?
False
Suppose -414 = -4*x - 2*x. Is x a multiple of 23?
True
Is -3 + ((-165)/(-2))/1*2 a multiple of 30?
False
Let c(j) = 3*j**3 - 10*j**2 - 3*j + 7. Let q(t) = -t**3 + 3*t**2 + t - 2. Let s(n) = -2*c(n) - 7*q(n). Let i be s(0). Let f(m) = m + 18. Is 18 a factor of f(i)?
True
Suppose i = -2*d - 2*i + 19, 2*d = 3*i - 11. Suppose 5*x = d*x + 126. Is 21 a factor of x?
True
Suppose -16 = -4*s - 0. Suppose -l - 4*q = 8, -s = q + q. Is 14 a factor of (l - -5)*(-126)/(-45)?
True
Suppose -1 = -g - 2*p + 5, 0 = 4*g + p - 10. Suppose -2*k - 2*j - g = 0, 0 = -5*k + j + 1 + 18. Does 3 divide k?
True
Suppose 3*a = 2*i + 2*i - 24, 0 = 4*i + 2*a - 4. Is 10 a factor of 20*(-1)/i*-3?
True
Suppose 0*d + 5*d = 0. Suppose 2*u + 0*u = d. Let o = 11 - u. Is 11 a factor of o?
True
Suppose 30 + 80 = 5*g. Suppose j + 7 = 2*s, 2*j - g - 6 = -3*s. Is 6 a factor of s?
True
Suppose -1 = -2*q + 3*z + 9, 2*z = -2*q. Suppose -2*u = q*u + 4*w - 12, -3*w = 2*u - 9. Let m(j) = -j**2 - j + 10. Is 10 a factor of m(u)?
True
Suppose 0*h + 3 = -2*w - 3*h, -3*h - 15 = 0. Let p be (-3)/((-2)/6 - 0). Let o = p - w. Is 3 a factor of o?
True
Let x = -12 - -27. Let u = x - -15. Is 15 a factor of u?
True
Let u be (-1)/((-1 - 2)/9). Suppose -75 = -3*k + u*v, 7*v = -2*k + 3*v + 38. Is k a multiple of 6?
False
Let l(u) = -u**3 + 4*u**2 + 2*u + 4. Suppose 0*o = o - 3*z - 13, 29 = 5*o - 3*z. Let q be l(o). Suppose -5*a = -q - 43. Is a a multiple of 4?
False
Let w be (-2 + -2)*(-3 + 1). Let n be (-42)/(-8) + (-2)/w. Suppose 3*g = 2*z + 2*z - 58, n*z + 2*g = 61. Does 13 divide z?
True
Suppose -4*n - 3*j = -n - 324, 0 = 5*n - 2*j - 519. Does 15 divide n?
True
Let j = -134 + 403. Is j a multiple of 48?
False
Let a(o) = 18*o**2 - 4*o + 3. Let l(j) = j**2 - 3*j + 2. Let m be l(3). Is 23 a factor of a(m)?
False
Suppose -4*h = 2*n - 2, 0 = -2*n + 5*h + 11. Suppose 2*y = -2*z - 0*z + 52, 0 = 2*y + n*z - 57. Is y a multiple of 7?
True
Let h = 99 - 34. Is 27 a factor of h?
False
Let h(b) be the first derivative of -1/4*b**4 + b - b**2 - 5/3*b**3 - 1. Is 5 a factor of h(-5)?
False
Suppose k - 20 = 5*k, -4*k = 3*t - 13. Let b(v) = -2*v**2 + 5*v - 2. Let l be b(3). Let n = l + t. Is n a multiple of 3?
True
Suppose -114 = -s + 4*t, -3*s + 2*t + 333 = -t. Suppose -4*o + 180 = -2*w, -15 = -3*o + 4*w + s. Let f = o - 23. Is f a multiple of 12?
True
Suppose 0*w = -5*w + 15. Suppose -p + 2*i = 4*p - 73, -3*p = -w*i - 42. Is 9 a factor of p?
False
Let j be 774/(-15) - (-14)/(-35). Let k = j + 146. Is 27 a factor of k?
False
Let f = 6 - 11. Let p = f + 12. Is 4/14 + 89/p a multiple of 5?
False
Let f = 7 - 